-b*t - 2*t. Let q be v(t). Let z(s) = -s**3 - 5*s**2 - s - 5. Calculate z(q).
0
Let z(i) = -2*i**3 - i**2 + i + 1. Let n be z(-1). Let t(w) = 0 - 2 + w + n. Let m(g) = -g**2 + 14*g + 5. Let j be m(14). Calculate t(j).
4
Let z(u) = -10*u - 2. Suppose 0 = 5*y - r + 13, -2*r + 2 = -3*r. Determine z(y).
28
Let a(s) = s + 4. Let u be a(-3). Let o(b) = 2*b + 1. Let t be o(u). Let n = t - 5. Let q(m) = -3*m. Determine q(n).
6
Let s(m) = m**2 + 4*m - 3. Let h(p) = -p + 14. Let v be h(11). Suppose 4*l - v = -3*q + 2, 10 = -q + l. What is s(q)?
2
Let x = -9 - -10. Let p be -1 + x + 1/1. Suppose 4*l - 8 = s, 3*l - 5*s - 5 = p. Let i(z) = -5*z + 1. Give i(l).
-9
Let s be 0 - (1*(-2 + -1) - -2). Let b(o) = 16*o**2 + 1. What is b(s)?
17
Suppose -4*t + 9 = -5*q, 2*t - 2 + 5 = 5*q. Let j(b) = b - 9. What is j(t)?
-3
Let p(a) be the first derivative of a**4/4 + 7*a**3/3 - 7*a**2/2 + 8*a - 21. Calculate p(-8).
0
Let k(x) = x**2 - 3*x. Let f be k(3). Suppose -4 = -3*j + j. Let w(n) = 0*n - 1 - 2*n**2 + 3*n**j + 6*n**3 + f*n. Determine w(-1).
-6
Suppose 3 = f + 9. Let b(j) = j**3 + 5*j**2 - 5*j + 2. Determine b(f).
-4
Let s(d) = -d. Suppose -14 = -3*i - x, 4*i + 4*x = 3*x + 20. Let t be 15/(-2) - 3/i. Let n = 3 + t. What is s(n)?
5
Let m(i) = -i**3 - 7*i**2 - 2*i - 10. Let p be m(-7). Let z(w) = -7*w**2 + 3*w - 3. Let t(b) = 3*b**2 - b + 1. Let r(g) = p*z(g) + 9*t(g). Give r(2).
-1
Let t(d) = -7*d - 4 + 4*d + 2*d. What is t(-4)?
0
Let x(n) = 2*n. Let h be 1 + 2/(2 - (-20)/(-8)). Determine x(h).
-6
Let x(a) = -2*a - 3. Let i be x(4). Let w = -6 - i. Let l(k) = k + 1. Let d(s) = -4*s - 1. Let b(m) = -d(m) - 3*l(m). What is b(w)?
3
Let k(a) = 13*a**2 - 13*a - 28. Let x(o) = 3*o**2 - 3*o - 7. Let u(t) = -2*k(t) + 9*x(t). Determine u(0).
-7
Suppose 5*j = 0, 2*j + 20 = -4*k - 0*k. Let g(t) = t**3 + 5*t**2 - t + 5. Determine g(k).
10
Let h = -7 + 10. Let l be (-40)/(-16) + 1/(-2). Let d(u) = 2 - 2 + u**l - h*u - 3. Give d(3).
-3
Let p(z) = z. Let w be 2/((16/22)/4). Suppose 2*o - w = b, -b + o + 2*o = 14. Calculate p(b).
-5
Let l = -46 - -52. Let p(g) = g**2 - 8*g + 7. Determine p(l).
-5
Let c(a) be the second derivative of -1/2*a**2 + 1/6*a**4 - 1/3*a**3 - 6*a + 0. Give c(-1).
3
Let n be 4/10 + 168/30. Suppose -n*b + b = 20. Let s(a) = a**2 + 4*a + 2. Give s(b).
2
Let w(b) be the second derivative of -7*b**5/120 + 5*b**3/6 + 5*b. Let p(v) be the second derivative of w(v). Calculate p(-1).
7
Suppose -8*j + 17 = -15. Let z(t) = -t**3 + 4*t**2 - t - 5. Calculate z(j).
-9
Let w be 4/(8 + -4) - (0 + 0). Let q(p) = -2*p - 1. What is q(w)?
-3
Let o(m) = -m**2 + 2*m - 1. Let k = 12 + -3. Suppose -2*x + 3*x + 3*l + 12 = 0, 3*x = 5*l + 34. Suppose -k = -0*z - x*z. Determine o(z).
-4
Let z(i) = -i + 7. Suppose u - 11 = -j, -u + 4 + 3 = -3*j. Calculate z(u).
-3
Let a(m) = -m**3 + 5. Suppose -5*z - b = 1 - 3, -b + 2 = 4*z. Calculate a(z).
5
Let q(n) = 5*n**3 - 29*n**2 + 8. Let w(u) = -3*u**3 + 19*u**2 - 5. Let i(m) = -5*q(m) - 8*w(m). Calculate i(-7).
0
Let z(a) = 4*a - 2. Suppose -5*r = -6*r + 2. Let q be 3/r - 7/(-14). What is z(q)?
6
Let j = 11 - 6. Suppose j*d + 17 = -0*o + o, o - 2*d = 8. Let y(k) = k. Let a be y(o). Let t(q) = q**3 + q**2 - q. Determine t(a).
10
Let l(n) be the first derivative of 1/120*n**5 + n**3 + 1/8*n**4 + 0*n - 3 + 0*n**2 - 1/360*n**6. Let x(r) be the third derivative of l(r). What is x(4)?
-9
Let b(s) = -s + 0*s + s**2 - 3 + 2*s. Let r = 22 - 34. Let a be (-5)/2*r/(-10). Give b(a).
3
Suppose -3 = 2*b - 9. Suppose -2*f + b = -3. Let o(p) = p**3 - 2*p**2 + 4 - 4 - 4*p. Determine o(f).
-3
Suppose 2 = 4*v - u + 4*u, -v + 5 = 3*u. Let b(k) = 30*k**2 + 8*k - 11. Let t(p) = 10*p**2 + 3*p - 4. Let o(q) = 3*b(q) - 8*t(q). Calculate o(v).
9
Suppose -3*f + 25 = 2*f. Let m(s) = -7*s**2 - 17*s + 6. Let c(u) = -3*u**2 - 8*u + 3. Let g(t) = 9*c(t) - 4*m(t). Calculate g(f).
8
Let r(v) = -5*v**3 + 8*v**2 + 3*v - 2. Let p(g) = -4*g**3 + 7*g**2 + 4*g - 3. Let i(l) = 4*p(l) - 3*r(l). Let t(y) = -y - 13. Let b be t(-18). Give i(b).
4
Let h(c) = c + c - 2 - c. Let w be -3 - -3*(-1 + 2). Let b(t) = t**2 - 2. Let v be b(w). Give h(v).
-4
Let b(d) = 17*d**2 - 2*d + 2. Let m(h) = 25*h**2 - 3*h + 3. Let j(n) = -7*b(n) + 5*m(n). Let q be j(1). Let w(o) = -q - 4 - o + 9. Calculate w(1).
-2
Suppose -13*i = -11*i - 4. Let l(d) = d**3 - d**2 - 3*d + 3. What is l(i)?
1
Let h(j) be the second derivative of -j**5/20 - 7*j**4/12 - 7*j**3/6 + 2*j**2 + 57*j. Suppose -5*a - 17 = 13. What is h(a)?
10
Let c(i) be the third derivative of -2*i**5/15 - i**3/6 - 13*i**2. What is c(-1)?
-9
Let v(c) = 3*c**2 + 1. Let r(y) = 4*y**2 - 1. Suppose 0 = 2*s + 2. Let m be r(s). Suppose -3*u - h = -4 + 2, 0 = -5*u - 2*h + m. Give v(u).
4
Suppose 0 = 3*d + 41 - 32. Let r(v) be the third derivative of v**7/2520 + v**5/60 - v**2. Let x(w) be the third derivative of r(w). Give x(d).
-6
Let b(o) = -3*o - 1. Let v(x) = x**2 - 9*x + 14. Let w be v(3). Give b(w).
11
Let d = 16 + 3. Suppose -d = 3*g + 3*q - 4*q, -5*g - q - 29 = 0. Let r(c) = -2*c - 9. Calculate r(g).
3
Let s(d) = -d**3 - 2*d**2 - d - 1. Let p be (-94)/(-18) - 4/18. Suppose -2*c + 4*c - 31 = -5*f, 2*f - 2*c - 18 = 0. Let o = p - f. What is s(o)?
1
Let w(s) = 5*s - 1. Let n = 9 + -12. Give w(n).
-16
Let o(v) = v**2 + 5*v. Let y(n) = n**2 + 4*n. Let w(r) = 3*o(r) - 4*y(r). Let t = -4 + 3. Let g be (-2)/2 - t*1. Give w(g).
0
Let k = 9 - 5. Let y be ((-2)/(-8))/(k/32). Suppose 4*w - 5*g = 37, -y*g - 2*g - 20 = 0. Let v(x) = x**2 - 4*x + 4. Determine v(w).
1
Suppose 5*m = -29 - 1. Let c(r) = 3*r**3 - 4*r**3 + 0*r**3 - 6*r + 3 - 7*r**2. What is c(m)?
3
Let f(j) = -j**3 - j**2 - j + 1. Let t(k) = 2*k**3 + 3*k**2 - 7. Let w(a) = -3*f(a) - t(a). Let l(u) = -u - 1. Let p(z) = -4*l(z) - w(z). Determine p(-2).
6
Let c(s) = -s + 2. Let o(w) = -w**2 + 6*w. Let b be o(6). Determine c(b).
2
Let d(o) be the second derivative of -o**4/12 + o**3/6 + o**2 + o. Let f(g) = -g + 4. Suppose -4*t = -2*t - 4. Let a be f(t). What is d(a)?
0
Suppose 0 = -3*a, 3*p - 3*a = -p + 16. Let q(s) = 6*s**2 - 4*s + 5 - 6*s**2 + s**2 + 0*s**2. Give q(p).
5
Let f(u) = 3*u + 4. Let i(a) = a + 1. Let j(q) = -f(q) + 6*i(q). Let w be j(-3). Let x(l) = l**2 + 8*l + 5. Give x(w).
-2
Let z be 8/36 + (-114)/27. Let v = 1 - z. Let i(g) be the third derivative of -g**5/60 + g**4/8 + g**2. Give i(v).
-10
Let i(n) = n. Let x be (-10)/(-7) - (-16)/28. Determine i(x).
2
Let r(q) = q**3 - 9*q**2 + q - 13. Let m be r(9). Let u(h) = -h**2 - 4*h - 5. Give u(m).
-5
Suppose 0 = 2*r + 26 - 8. Let d(m) = 3*m**2 - 8*m + 10. Let s(f) = -7*f**2 + 17*f - 21. Let h(i) = r*d(i) - 4*s(i). Let z = 15 + -21. Calculate h(z).
6
Let x(a) = -a**2 - 3*a + 3. Let h be x(-3). Suppose p + h*p + 24 = 0. Let t be (-4)/p + (-22)/6. Let n(v) = -v**2 - 2*v + 3. Determine n(t).
0
Let g(m) = -m + 7. Let u be g(5). Let x(b) be the third derivative of -b**5/30 + b**4/24 + b**3/6 + 49*b**2 - b. Determine x(u).
-5
Let y(f) = -2*f**3 - 3*f**2 + 11*f + 9. Let l(n) = -3*n**3 - 4*n**2 + 17*n + 14. Let h(p) = 5*l(p) - 8*y(p). What is h(-4)?
10
Suppose 0 = 8*s - 80 + 24. Let h(b) = -b**2 + 4*b + 6. Calculate h(s).
-15
Let p be (-2)/1 + 0 + -1. Let q = 0 + p. Let b = q + 8. Let z(g) = -g**2 + 3*g + 1. Determine z(b).
-9
Let s(o) be the second derivative of o**7/2520 + o**6/720 - o**5/120 - o**4/12 - 2*o. Let b(f) be the third derivative of s(f). Let n = 1 + 0. Determine b(n).
1
Let y be (-2)/6*(-1 + -5). Suppose y*x - 5*x = 0. Let r(t) = t - 12. Let a(i) = -2*i + 23. Let o(z) = 6*a(z) + 11*r(z). Determine o(x).
6
Let j(q) = -q**3 - 4*q**2 + 6*q - 3. Let a(t) = -3*t**2 + 2*t. Let s be a(-1). Determine j(s).
-8
Let k(r) = r**2 + 4*r + 1. Suppose 3*b + 16 = 5*v, -3*v - 3*b - b + 27 = 0. Suppose 0 = -v*a + 3*a - 4. What is k(a)?
-3
Suppose 2*g - g = 2. Let a(f) = -f**g - 2*f**3 - f**3 + 1 - 3*f**3. What is a(1)?
-6
Let i = 9 + -5. Suppose -2 = -i*t + 6. Let x(c) = -5*c + 3. Determine x(t).
-7
Let c(r) = 8 + 2*r - 4 - 1. What is c(-2)?
-1
Let k = -1 + 3. Suppose k*i = -0 + 10. Suppose q = -3*q + i*j, 3*j = 12. Let y(f) = -f + 1. Determine y(q).
-4
Let m(t) = t**2 - 5*t - 4. Suppose 5*u - 14 = -2*l, -3*u - 2 = -5*l + u. Let d be (0 - 10)*l/5. Let n be (-39)/(-9) + d/(-6). What is m(n)?
-4
Let v(k) be the third derivative of k**6/30 - k**3/6 + 2*